{"id":590,"date":"2020-11-28T16:59:28","date_gmt":"2020-11-28T16:59:28","guid":{"rendered":"http:\/\/suarezrios.com\/?post_type=product&#038;p=590"},"modified":"2026-03-19T14:32:56","modified_gmt":"2026-03-19T14:32:56","slug":"de-la-economia-a-la-evolucion","status":"publish","type":"product","link":"https:\/\/mariaalexandra.suarezrios.com\/?product=de-la-economia-a-la-evolucion","title":{"rendered":"De la Econom\u00eda a la Evoluci\u00f3n"},"content":{"rendered":"<p><a href=\"http:\/\/suarezrios.com\/wp-content\/uploads\/2020\/11\/de-la-economia-a-la-evolucion-caratula-amazon-scaled-e1606580427172.jpg\"><img fetchpriority=\"high\" decoding=\"async\" src=\"http:\/\/suarezrios.com\/wp-content\/uploads\/2020\/11\/de-la-economia-a-la-evolucion-caratula-amazon-210x300.jpg\" alt=\"\" width=\"210\" height=\"300\" class=\"alignnone size-medium wp-image-581\" \/><\/a><\/p>\n<p>Categor\u00eda: Econom\u00eda<br \/>\nN\u00famero\/a\u00f1o de edici\u00f3n: 1\/2020<br \/>\nEtiquetas:Prosperidad, econom\u00eda, negocios, crecimiento<br \/>\nN\u00famero de p\u00e1ginas: 91<br \/>\nISBN:<br \/>\nEditorial: edici\u00f3n del autor<br \/>\nFormato: 14 x 21 cm (con solapa), R\u00fastico (pegado)<br \/>\nInterior: Papel Blanco 75 Grs, Blanco y Negro<\/p>\n","protected":false},"excerpt":{"rendered":"<p>De la econom\u00eda a la evoluci\u00f3n es un libro en el que la autora plantea un nuevo modelo econ\u00f3mico basado en los elementos que necesitamos para construir un mundo sostenible y sustentable, dejando atr\u00e1s el capitalismo salvaje y transformado la sociedad actual, en una sociedad con un mayor nivel de conciencia.  Construye un mundo nuevo desde la solidaridad, el respeto, la colaboraci\u00f3n, la cooperaci\u00f3n y la equidad de todos.<\/p>\n<p>Nos lleva a reflexionar sobre la dimensi\u00f3n individual de cada uno, la necesidad de transformar cada individuo y su forma de relacionarse con el mundo exterior.<\/p>\n<p>Plantea condiciones para alcanzar un mundo construido desde el Ser y la conciencia, para transformar la sociedad ego\u00edsta y ego\u00edca que ha llevado al planeta a su destrucci\u00f3n<\/p>\n<p>Fecha de publicaci\u00f3n Noviembre de 2020<\/p>\n","protected":false},"featured_media":581,"comment_status":"closed","ping_status":"closed","template":"","meta":[],"product_brand":[],"product_cat":[20,19],"product_tag":[],"class_list":{"0":"post-590","1":"product","2":"type-product","3":"status-publish","4":"has-post-thumbnail","6":"product_cat-libros","7":"product_cat-productos","9":"first","10":"instock","11":"shipping-taxable","12":"purchasable","13":"product-type-simple"},"jetpack_sharing_enabled":true,"_links":{"self":[{"href":"https:\/\/mariaalexandra.suarezrios.com\/index.php?rest_route=\/wp\/v2\/product\/590","targetHints":{"allow":["GET"]}}],"collection":[{"href":"https:\/\/mariaalexandra.suarezrios.com\/index.php?rest_route=\/wp\/v2\/product"}],"about":[{"href":"https:\/\/mariaalexandra.suarezrios.com\/index.php?rest_route=\/wp\/v2\/types\/product"}],"replies":[{"embeddable":true,"href":"https:\/\/mariaalexandra.suarezrios.com\/index.php?rest_route=%2Fwp%2Fv2%2Fcomments&post=590"}],"wp:featuredmedia":[{"embeddable":true,"href":"https:\/\/mariaalexandra.suarezrios.com\/index.php?rest_route=\/wp\/v2\/media\/581"}],"wp:attachment":[{"href":"https:\/\/mariaalexandra.suarezrios.com\/index.php?rest_route=%2Fwp%2Fv2%2Fmedia&parent=590"}],"wp:term":[{"taxonomy":"product_brand","embeddable":true,"href":"https:\/\/mariaalexandra.suarezrios.com\/index.php?rest_route=%2Fwp%2Fv2%2Fproduct_brand&post=590"},{"taxonomy":"product_cat","embeddable":true,"href":"https:\/\/mariaalexandra.suarezrios.com\/index.php?rest_route=%2Fwp%2Fv2%2Fproduct_cat&post=590"},{"taxonomy":"product_tag","embeddable":true,"href":"https:\/\/mariaalexandra.suarezrios.com\/index.php?rest_route=%2Fwp%2Fv2%2Fproduct_tag&post=590"}],"curies":[{"name":"wp","href":"https:\/\/api.w.org\/{rel}","templated":true}]}}